{"id":12,"date":"2019-09-18T13:12:34","date_gmt":"2019-09-18T11:12:34","guid":{"rendered":"http:\/\/du-da.net\/?page_id=12"},"modified":"2024-01-04T10:05:39","modified_gmt":"2024-01-04T09:05:39","slug":"inicio","status":"publish","type":"page","link":"https:\/\/du-da.net\/2574-2\/inicio\/","title":{"rendered":"home antigua"},"content":{"rendered":"\n<figure class=\"wp-block-image size-large\"><img loading=\"lazy\" decoding=\"async\" width=\"100\" height=\"100\" src=\"http:\/\/du-da.net\/wp-content\/uploads\/2019\/09\/home_p.gif\" alt=\"\" class=\"wp-image-54\"\/><\/figure>\n\n\n\n<p>DU-DA es un colectivo de mediaci\u00f3n, investigaci\u00f3n y producci\u00f3n art\u00edstica. Todos nuestros proyectos tienen un componente relacional, activan procesos colectivos y frecuentemente sintonizan con sensibilidades que tambi\u00e9n son cr\u00edticas con las estructuras de poder hegem\u00f3nicas. Nos hacemos preguntas sobre nuestros modos de co-habitar para imaginar otros presentes-futuros posibles.<\/p>\n\n\n\n<p>Tenemos varias l\u00edneas de trabajo abiertas: <em><a rel=\"noreferrer noopener\" href=\"http:\/\/du-da.net\/category\/morir-guay\/\" target=\"_blank\">Morir guay<\/a><\/em>, una investigaci\u00f3n en busca de otros relatos sobre la muerte; <em><a rel=\"noreferrer noopener\" href=\"http:\/\/du-da.net\/category\/aprendizajes-circulares\/\" target=\"_blank\">Hera<\/a><\/em><a rel=\"noreferrer noopener\" href=\"http:\/\/du-da.net\/category\/aprendizajes-circulares\/\" target=\"_blank\">,<\/a> una metodolog\u00eda de aprendizajes circulares; <a href=\"http:\/\/du-da.net\/puaj\/fermentacion-punk-en-laboratorios-rizoma\/\"><em>Puaj!<\/em><\/a>, un laboratorio de culturas vivas; <a href=\"http:\/\/du-da.net\/pan-duro\/cocinar-juntas-es-una-fiesta\/\"><em>Pan Duro<\/em><\/a>, donde cocinar juntas es una fiesta; <em><a href=\"http:\/\/du-da.net\/derivas\/cachorras-moviendose\/\">Derivas<\/a><\/em>, donde acompa\u00f1amos a cachorras que se mueven por la ciudad; <a href=\"http:\/\/du-da.net\/marti-culiz\/marti-culiz-publicaciones-espontaneas\/\"><em>Marti Culiz<\/em><\/a>, la editorial de publicaciones espont\u00e1neas; <a href=\"http:\/\/du-da.net\/category\/segunda-duna\/\"><em>La Segunda Duna<\/em><\/a>, una caravana para estancias en el bosque; <em><a rel=\"noreferrer noopener\" href=\"http:\/\/du-da.net\/pan-de-rana\/\" target=\"_blank\">M\u00e9diums<\/a><\/em>, exploraciones sobre lo invisible; y por \u00faltimo, pero no menos importante, <a href=\"http:\/\/du-da.net\/category\/punteria-carino\/\"><em>Punter\u00eda y Cari\u00f1o<\/em><\/a>.<\/p>\n\n\n\n<p>Hemos recibido el apoyo de la Fundic\u00f3n Nina Carasso para nuestra l\u00ednea de investigaci\u00f3n Morir Guay con el proyecto <a rel=\"noreferrer noopener\" href=\"http:\/\/du-da.net\/morir-guay\/aprendizajes-colectivos-para-redisenar-la-muerte\/\" target=\"_blank\"><em>Aprendizajes colectivos para redise\u00f1ar la muerte<\/em>;<\/a>la beca CREA 2023 por<em> I eat the stars<\/em>; la beca BKFMACBA 2022 por <em><a rel=\"noreferrer noopener\" href=\"http:\/\/du-da.net\/non-classe\/el-ultimo-aliento\/\" target=\"_blank\">El \u00faltimo aliento<\/a><\/em>; la beca Barcelona Producci\u00f3 2021 por <em><a href=\"http:\/\/du-da.net\/morir-guay\/morir-guay-en-la-capella\/\">Morir guay: Rituales de Transici\u00f3n<\/a><\/em>; la beca del UNZIP en la modalidad de Arte y Educaci\u00f3n 2020 por <em><a href=\"http:\/\/du-da.net\/textos\/libro-mediums-una-exploracion-colectiva-sobre-lo-invisible-en-el-prat\/\">M\u00e9diums: una exploraci\u00f3n colectiva sobre lo invisible<\/a><\/em>; y la beca de investigaci\u00f3n de la Escocesa 2020 por <em><a href=\"http:\/\/du-da.net\/morir-guay\/morir-guay-en-la-escocesa\/\">Morir guay: Voces y relatos para no tener miedo<\/a><\/em>. Asimismo hemos trabajado con instituciones culturales como el CCCB, La Casa Encendida, el Graner, Hangar, Centro LGTB, Can Felipa, Matadero o la universidad UPV\/EHU.<\/p>\n\n\n\n<p><\/p>\n","protected":false},"excerpt":{"rendered":"<p>DU-DA es un colectivo de mediaci\u00f3n, investigaci\u00f3n y producci\u00f3n art\u00edstica. Todos nuestros proyectos tienen un componente relacional, activan procesos colectivos&#8230;<\/p>\n","protected":false},"author":1,"featured_media":0,"parent":0,"menu_order":0,"comment_status":"closed","ping_status":"closed","template":"","meta":{"footnotes":""},"class_list":["post-12","page","type-page","status-publish","hentry"],"acf":[],"_links":{"self":[{"href":"https:\/\/du-da.net\/2574-2\/wp-json\/wp\/v2\/pages\/12","targetHints":{"allow":["GET"]}}],"collection":[{"href":"https:\/\/du-da.net\/2574-2\/wp-json\/wp\/v2\/pages"}],"about":[{"href":"https:\/\/du-da.net\/2574-2\/wp-json\/wp\/v2\/types\/page"}],"author":[{"embeddable":true,"href":"https:\/\/du-da.net\/2574-2\/wp-json\/wp\/v2\/users\/1"}],"replies":[{"embeddable":true,"href":"https:\/\/du-da.net\/2574-2\/wp-json\/wp\/v2\/comments?post=12"}],"version-history":[{"count":70,"href":"https:\/\/du-da.net\/2574-2\/wp-json\/wp\/v2\/pages\/12\/revisions"}],"predecessor-version":[{"id":2858,"href":"https:\/\/du-da.net\/2574-2\/wp-json\/wp\/v2\/pages\/12\/revisions\/2858"}],"wp:attachment":[{"href":"https:\/\/du-da.net\/2574-2\/wp-json\/wp\/v2\/media?parent=12"}],"curies":[{"name":"wp","href":"https:\/\/api.w.org\/{rel}","templated":true}]}}